{"id":2119,"date":"2025-07-15T14:15:50","date_gmt":"2025-07-15T13:15:50","guid":{"rendered":"https:\/\/www.brit-hotel-fumel.fr\/?page_id=2119"},"modified":"2026-01-19T11:49:29","modified_gmt":"2026-01-19T10:49:29","slug":"kontakt-info-nl","status":"publish","type":"page","link":"https:\/\/www.brit-hotel-fumel.fr\/?page_id=2119&lang=nl","title":{"rendered":"Kontakt"},"content":{"rendered":"\n<p class=\"has-text-align-center\">BRIT HOTEL FUMEL<br>( Restaurant La Rennaisance )<br>Place L\u00e9o Lagrange &#8211; 47500 FUMEL &#8211; France<br><strong>T\u00e9l\u00e9phone : (+33) (0)5 53 40 93 93<\/strong><br>T\u00e9l\u00e9copie : (+33) (0)5 53 71 27 94<\/p>\n\n\n\n<p class=\"has-text-align-center\">Onze mail <a title=\"info@brit-hotel-fumel.fr\" href=\"mailto:info@brit-hotel-fumel.fr\">info<strong>@<\/strong>brit-hotel-fumel.fr<\/a><\/p>\n\n\n\n<p class=\"has-text-align-center\">GPS coordinaten :<br>hoogte : 44,4970093, breedte:&nbsp; 0,9684281<\/p>\n\n\n\n<p class=\"has-text-align-center\">Wij accepteren de volgende betalingen-middelen :<\/p>\n\n\n\n<figure class=\"wp-block-image\"><a href=\"https:\/\/www.brit-hotel-fumel.fr\/wp-content\/uploads\/2017\/11\/moyendepayement.png\"><img loading=\"lazy\" decoding=\"async\" width=\"300\" height=\"212\" src=\"https:\/\/www.brit-hotel-fumel.fr\/wp-content\/uploads\/2017\/11\/moyendepayement-300x212.png\" alt=\"Moyens de paiement\" class=\"wp-image-378\" srcset=\"https:\/\/www.brit-hotel-fumel.fr\/wp-content\/uploads\/2017\/11\/moyendepayement-300x212.png 300w, https:\/\/www.brit-hotel-fumel.fr\/wp-content\/uploads\/2017\/11\/moyendepayement-768x543.png 768w, https:\/\/www.brit-hotel-fumel.fr\/wp-content\/uploads\/2017\/11\/moyendepayement-1024x724.png 1024w, https:\/\/www.brit-hotel-fumel.fr\/wp-content\/uploads\/2017\/11\/moyendepayement-624x441.png 624w, https:\/\/www.brit-hotel-fumel.fr\/wp-content\/uploads\/2017\/11\/moyendepayement.png 2046w\" sizes=\"auto, (max-width: 300px) 100vw, 300px\" \/><\/a><\/figure>\n\n\n\n<p class=\"has-text-align-center\"><\/p>\n\n\n\n<p class=\"has-text-align-center\">We accepteren cheques (van een Franse bank),<br>Vakantiecheques \u00ab\u00a0ANCV\u00a0\u00bb en Restaurant tickets \u00ab\u00a0CRT\u00a0\u00bb Let op : niet de papier versie.<br>Bankoverschrijvingen (IBAN: contacteer ons),<br>We accepteren aanbetalingen.<br>Al onze prijzen en betalingen zijn in \u20ac<\/p>\n\n\n\n<hr class=\"wp-block-separator has-alpha-channel-opacity\"\/>\n\n\n<div class=\"wp-block-image\">\n<figure class=\"aligncenter\"><a href=\"http:\/\/brit-hotel-fumel.fr\/wp-content\/uploads\/2014\/06\/Plan-dacces.jpg\"><img loading=\"lazy\" decoding=\"async\" width=\"556\" height=\"553\" src=\"http:\/\/brit-hotel-fumel.fr\/wp-content\/uploads\/2014\/06\/Plan-dacces.jpg\" alt=\"Plan-dacces\" class=\"wp-image-82\" srcset=\"https:\/\/www.brit-hotel-fumel.fr\/wp-content\/uploads\/2014\/06\/Plan-dacces.jpg 556w, https:\/\/www.brit-hotel-fumel.fr\/wp-content\/uploads\/2014\/06\/Plan-dacces-150x150.jpg 150w, https:\/\/www.brit-hotel-fumel.fr\/wp-content\/uploads\/2014\/06\/Plan-dacces-300x298.jpg 300w\" sizes=\"auto, (max-width: 556px) 100vw, 556px\" \/><\/a><\/figure>\n<\/div>\n\n\n<p>Een schematisch kaartje om U zich in Fumel te orienteren :<a href=\"http:\/\/brit-hotel-fumel.fr\/wp-content\/uploads\/2014\/06\/Plan-dacces.jpg\"><br><\/a><\/p>\n\n\n\n<p>Het hotel bevindt zich midden in Fumel, achter de kerk:<\/p>\n\n\n\n<p><iframe loading=\"lazy\" style=\"border: 0;\" src=\"https:\/\/www.google.com\/maps\/embed?pb=!1m18!1m12!1m3!1d847.9587472296658!2d0.9688315773253794!3d44.496763876552166!2m3!1f0!2f0!3f0!3m2!1i1024!2i768!4f13.1!3m3!1m2!1s0x12ab73c5da2005bd%3A0x74b5687713279f80!2sBrithotel+Fumel!5e1!3m2!1sfr!2sfr!4v1413455249558\" width=\"600\" height=\"450\" frameborder=\"0\"><\/iframe><\/p>\n\n\n\n<p>Als U met een bus, vrachtwagen of ander groot&nbsp; &#8211; lang vervoer komt dient U een sp\u00e9ciale route te volgen : <a href=\"http:\/\/www.brit-hotel-fumel.fr\/wp-content\/uploads\/2014\/06\/Plan-d-acces-gros-vehicle.pdf\">Plan-d-acces-gros-vehicle<\/a><br>Deze kaart stelt U in staat om uw voertuig voor het hotel te parkeren, en ook weer eenvoudig weg te komen.<\/p>\n\n\n\n<p>Het begin van de route is aangegeven met een rode \u00ab <strong><span style=\"color: #ff0000;\">1<\/span><\/strong> \u00bb :<\/p>\n\n\n\n<ul class=\"wp-block-list\">\n<li>Neem de brug die over de rivier de Lot gaat.<\/li>\n\n\n\n<li>Direct na de brug, op de rontonde, rechts af.<\/li>\n\n\n\n<li>50 meter verder, VOOR de winkel genaamd \u00ab\u00a0Gitem\u00a0\u00bb, naar rechts.<\/li>\n\n\n\n<li>Meteen naar links. U rijd nu naast wat vroeger de oude spoorbaan was. Na 150 meter gaat deze weg omhoog.<\/li>\n\n\n\n<li>Volg deze weg &#8211; ter hoogte van het park buigt hij naar rechts. Aan het eind: verplicht weer naar rechts &#8211; U rijd nu voor het Postkantoor \u00ab\u00a0La Poste\u00a0\u00bb langs.<\/li>\n\n\n\n<li>Na het Postkantoor naar rechts, U bent voor het hotel.<\/li>\n<\/ul>\n\n\n\n<hr class=\"wp-block-separator has-alpha-channel-opacity\"\/>\n\n\n\n<p>Deze site is als alle ander (en waarschijnlijk erger),<br>De informatie die U zoekt is waarschijnlijk onvindbaar, of zelfs afwezig !<\/p>\n\n\n\n<p>Wij verstrekken U graag verdere informatie op simple aanvraag. Wij verwelkomen Uw op- en aanmerkingen.<\/p>\n\n\n\n<p>Het aantal gasten die NU gebruik maken van ons Wifi netwerk:<\/p>\n\n\n\n<p><\/p>\n\n\n\n<hr class=\"wp-block-separator has-alpha-channel-opacity\"\/>\n\n\n\n<p>De ingang van het hotel, en het zwembad &#8211; gefilmd door onze cameras (web-cams),<br>Update iedere 15 seconden :<\/p>\n\n\n\n<p class=\"has-text-align-center\">\n\t\t<div class=\"react-webcam\"\n\t\t\tdata-ajax-url=\"https:\/\/www.brit-hotel-fumel.fr\/wp-admin\/admin-ajax.php\"\n\t\t\tdata-images-root-url=\"https:\/\/www.brit-hotel-fumel.fr\/wp-content\/uploads\/webcam\/\"\n\t\t\tdata-subdir=\"\"\n\t\t\tdata-camera=\"7\"\n\t\t\tdata-initial-image-filename=\"192.168.1.8\/2026-05-09\/DVR_ch7_20260509150548_T.jpg\"\n\t\t\tdata-refresh-interval=\"15\"\n\t\t\tdata-alt-text=\"reactwebcam webcam live feed swimming pool piscine brit hotel fumel\">\n\t\t\t<img decoding=\"async\" alt=\"reactwebcam webcam live feed swimming pool piscine brit hotel fumel\" src=\"https:\/\/www.brit-hotel-fumel.fr\/wp-content\/uploads\/webcam\/192.168.1.8\/2026-05-09\/DVR_ch7_20260509150548_T.jpg\"\/>\n\t\t<\/div><\/p>\n\n\n\n<p class=\"has-text-align-center\">\n\t\t<div class=\"react-webcam\"\n\t\t\tdata-ajax-url=\"https:\/\/www.brit-hotel-fumel.fr\/wp-admin\/admin-ajax.php\"\n\t\t\tdata-images-root-url=\"https:\/\/www.brit-hotel-fumel.fr\/wp-content\/uploads\/webcam\/\"\n\t\t\tdata-subdir=\"\"\n\t\t\tdata-camera=\"2\"\n\t\t\tdata-initial-image-filename=\"\"\n\t\t\tdata-refresh-interval=\"15\"\n\t\t\tdata-alt-text=\"reactwebcam webcam live feed swimming pool piscine brit hotel fumel\">\n\t\t\t<img decoding=\"async\" alt=\"reactwebcam webcam live feed swimming pool piscine brit hotel fumel\" src=\"https:\/\/www.brit-hotel-fumel.fr\/wp-content\/uploads\/webcam\/\"\/>\n\t\t<\/div><\/p>\n\n\n\n<hr class=\"wp-block-separator has-alpha-channel-opacity\"\/>\n\n\n\n<p><iframe loading=\"lazy\" src=\"\/\/www.youtube.com\/embed\/M8dR67DE4nU?amp\" width=\"560\" height=\"314\" allowfullscreen=\"allowfullscreen\"><\/iframe><\/p>\n","protected":false},"excerpt":{"rendered":"<p>BRIT HOTEL FUMEL( Restaurant La Rennaisance )Place L\u00e9o Lagrange &#8211; 47500 FUMEL &#8211; FranceT\u00e9l\u00e9phone : (+33) (0)5 53 40 93 93T\u00e9l\u00e9copie : (+33) (0)5 53 71 27 94 Onze mail info@brit-hotel-fumel.fr GPS coordinaten :hoogte : 44,4970093, breedte:&nbsp; 0,9684281 Wij accepteren de volgende betalingen-middelen : We accepteren cheques (van een Franse bank),Vakantiecheques \u00ab\u00a0ANCV\u00a0\u00bb en Restaurant tickets [&hellip;]<\/p>\n","protected":false},"author":2,"featured_media":0,"parent":0,"menu_order":0,"comment_status":"closed","ping_status":"closed","template":"","meta":{"footnotes":""},"class_list":["post-2119","page","type-page","status-publish","hentry"],"_links":{"self":[{"href":"https:\/\/www.brit-hotel-fumel.fr\/index.php?rest_route=\/wp\/v2\/pages\/2119","targetHints":{"allow":["GET"]}}],"collection":[{"href":"https:\/\/www.brit-hotel-fumel.fr\/index.php?rest_route=\/wp\/v2\/pages"}],"about":[{"href":"https:\/\/www.brit-hotel-fumel.fr\/index.php?rest_route=\/wp\/v2\/types\/page"}],"author":[{"embeddable":true,"href":"https:\/\/www.brit-hotel-fumel.fr\/index.php?rest_route=\/wp\/v2\/users\/2"}],"replies":[{"embeddable":true,"href":"https:\/\/www.brit-hotel-fumel.fr\/index.php?rest_route=%2Fwp%2Fv2%2Fcomments&post=2119"}],"version-history":[{"count":4,"href":"https:\/\/www.brit-hotel-fumel.fr\/index.php?rest_route=\/wp\/v2\/pages\/2119\/revisions"}],"predecessor-version":[{"id":2278,"href":"https:\/\/www.brit-hotel-fumel.fr\/index.php?rest_route=\/wp\/v2\/pages\/2119\/revisions\/2278"}],"wp:attachment":[{"href":"https:\/\/www.brit-hotel-fumel.fr\/index.php?rest_route=%2Fwp%2Fv2%2Fmedia&parent=2119"}],"curies":[{"name":"wp","href":"https:\/\/api.w.org\/{rel}","templated":true}]}}